28, -5*o - 585 = -4*h. Suppose 420 - h = 5*u. Suppose 0*c - u = -c. Calculate the greatest common factor of c and 5.
5
Let l be -130*(4 - 110/25). Calculate the highest common factor of l and 39.
13
Suppose -10 = -0*w - 5*w. Let b = 4 - w. Suppose 83 = b*j - 225. What is the highest common factor of 14 and j?
14
Let q be 2/9 + 817/9. Let i = q + 13. Let w be 438/34 - 8/(-68). What is the highest common divisor of w and i?
13
Suppose 0 = h - 1112 + 67. Suppose 0 = 5*v - 2*i - h, 4*v - 6*v + 5*i = -418. What is the greatest common divisor of 19 and v?
19
Let j(q) = q**2 - 7*q + 15. Let t be j(10). Let l = t + -34. What is the highest common divisor of 44 and l?
11
Suppose -3*x - 5 = -20. Suppose -a + 7 = -y, x*a + y + 0*y - 17 = 0. Calculate the highest common divisor of a and 5.
1
Let h = -3 - -163. Suppose -4*j + 4*s = -2*j - 56, -4*j + 2*s + 124 = 0. Calculate the greatest common divisor of j and h.
32
Let c(p) = -p + 3. Let y be c(-11). Suppose -b - 2*u + 18 = u, u = b - y. Suppose 11*a + 100 = b*a. What is the greatest common factor of 25 and a?
25
Let p(o) = 5*o**2 + 17*o - 4. Let w be p(-5). Calculate the greatest common factor of w and 60.
12
Suppose 2*z + 58 = -22. Let p be z/(-3)*(-6)/(-2). Calculate the greatest common divisor of 80 and p.
40
Suppose 7*d - 8 = 6. Suppose -660 = -10*i - d*i. What is the greatest common factor of 22 and i?
11
Let y(o) = 17*o**2 + o. Let v = -1 - 8. Let x be 2/(-3) - (-3)/v. Let h be y(x). Calculate the greatest common factor of 112 and h.
16
Let q(g) = 3*g + 52. Let z be q(-11). Calculate the highest common divisor of z and 171.
19
Let b(s) = -s + 72. Let d be b(-32). What is the greatest common divisor of d and 2?
2
Let x(c) = -6*c + 107. Let r be x(12). What is the highest common factor of 28 and r?
7
Let h = 202 + -109. Suppose 2*s + 3*z = 56, 0 = -4*s + 3*z + 63 + 67. Calculate the greatest common divisor of s and h.
31
Let f be (-4)/(-10) + (-18)/(-5). Suppose -4*z - 387 = -f*t + z, 4*t - 4*z - 388 = 0. Let m be 7/(-1*(-6)/12). Calculate the highest common divisor of m and t.
14
Let p(n) = 18*n**2 - n + 1. Let i be p(-2). What is the highest common divisor of i and 225?
75
Let x be (0/2 - 0) + 115. Let y = -20 + 67. Suppose 4*w - x + y = 0. What is the highest common divisor of w and 17?
17
Suppose z - 657 = -4*s, -3*s - 3*z + 492 = -2*z. Let j = 12 - 19. Let a(b) = -5*b - 2. Let x be a(j). Calculate the highest common divisor of s and x.
33
Suppose 5*c = -4*j - 7, -7*c - 5*j - 14 = -6*c. Calculate the greatest common factor of 8 and c.
1
Let b = 5 - 2. Let y be 164 - (b - 16/4). Let o(d) = d**3 + 15. Let j be o(0). What is the highest common divisor of y and j?
15
Let c be 2/(29/((-754)/(-4))). Let k(b) = b + 26. Let t be k(0). Calculate the greatest common factor of c and t.
13
Suppose -k - 2*c = -107, -149*k - 5*c = -150*k + 100. Calculate the highest common factor of 45 and k.
15
Suppose 3*f - 8*f - 1105 = 0. Let h be (f/(-85))/((-1)/(-5)). Calculate the greatest common factor of 65 and h.
13
Let v = -535 + 573. What is the highest common divisor of 4598 and v?
38
Let v(h) = h**2 + h + 2. Let m be v(3). Let b be (-15)/3 - -3 - -146. Let q be (56/(-32))/((-2)/b). Calculate the highest common factor of q and m.
14
Suppose -5 = -o - 4*g, -5*g + 1 = -3*o - 1. Let r = -73 + 215. Let n = -133 + r. What is the greatest common divisor of o and n?
1
Let i be (-1)/3 + (-12102)/(-18). Calculate the greatest common divisor of 48 and i.
48
Let w be 132 - (-7)/((-28)/16). Suppose -16 = -4*n, -2*p + w = 2*p - 4*n. What is the greatest common divisor of 180 and p?
36
Let o = -1915 - -2058. Calculate the highest common factor of 4433 and o.
143
Let k = 1268 - 899. What is the highest common divisor of k and 41?
41
Let j = 135 - 88. Let o = 60 - j. What is the greatest common divisor of 65 and o?
13
Let i = 392 + -240. Let s = i - 141. What is the greatest common divisor of s and 22?
11
Let v = 15 - 11. Suppose 7*f = v*f + 24. Let m = -11 + 19. What is the highest common factor of f and m?
8
Let c = 698 - 676. What is the highest common factor of c and 473?
11
Let k(y) = 4*y - 2. Let g be k(-2). Let b(f) = -2*f + 6. Let r be b(g). Let l = -6 + r. What is the highest common factor of l and 140?
20
Let b = -96 - -240. Suppose -9*p + 5*p + b = 0. Calculate the greatest common factor of 90 and p.
18
Let x(z) = 14*z. Let f be x(4). Suppose 5*u - 5*w + 48 = 348, u - 2*w - f = 0. What is the greatest common factor of u and 8?
8
Let x be 3/((198/(-12))/(-11)). What is the greatest common factor of 41 and x?
1
Suppose -2*h - 5*d = -6 - 5, 4*h - 3*d = 35. Calculate the highest common factor of 256 and h.
8
Suppose 0*h - 400 = -5*h. Suppose -13*g + 3*g = -h. Calculate the highest common divisor of g and 8.
8
Let t = -1337 - -1376. What is the highest common divisor of 637 and t?
13
Let c(l) = 4*l - 71 + 2*l + 92. Let h be c(13). Suppose 0 = 3*p - p + 4, -38 = -4*j + p. Calculate the highest common divisor of h and j.
9
Let w = -2 + 38. Let h(a) = a**3 + 7*a**2 - 2*a + 4. Let u be h(-7). Calculate the highest common divisor of w and u.
18
Suppose 4*s = -2*d + 42, s + 3*d + 2*d = 15. Let z(i) = -i**2 - 4*i. Let b be z(-3). Suppose -b*m + 9 = -21. Calculate the highest common divisor of m and s.
10
Let k(z) = -119*z - 4. Let a be k(4). Let m(s) = s**2 + 7*s - 24. Let p be m(4). Let c be (1/(-2))/(p/a). What is the greatest common divisor of c and 84?
12
Suppose 846 = 4*c - 5*u, -2*c + 182 = 4*u - 228. Let m be ((-114)/2)/(-2 + -1). Calculate the highest common divisor of m and c.
19
Let r = -67 + 83. Suppose -4*m = 4*l + 4, -4*m - 2*l + l = -11. Suppose -m*q + 2*q = -r. Calculate the highest common divisor of q and 1.
1
Let h(m) = 28*m - 10. Let c be h(4). Suppose 3*k = c + 78. Calculate the highest common factor of k and 12.
12
Suppose w = -10 + 406. Let r be (w/8)/(6/16). Suppose 24 = g + g. What is the greatest common factor of r and g?
12
Suppose 2*m - 18 - 106 = 0. Let b = m + -4. What is the highest common factor of b and 29?
29
Let y be (-13)/6*2*-3. Suppose g + 0*g = 0. Suppose 16*p - 11*p - 130 = g. What is the greatest common divisor of p and y?
13
Suppose -23*l + 24*l = 3*t - 148, 5*t = -l + 260. Calculate the greatest common factor of t and 1173.
51
Suppose -24 = u - 3*u. Let x(q) = 7*q**2 + 8*q - 12. Let j be x(-6). Calculate the highest common factor of j and u.
12
Let q(z) = -2*z**2 - 15*z - 3. Let h be q(-7). Let k be (1 + (-6)/h)*-36. Calculate the greatest common factor of k and 9.
9
Let t(b) = b. Let r = 1 + 2. Let k be t(r). Suppose 3*g + 50 = 4*f + 8*g, 5*f = -2*g + 71. Calculate the greatest common divisor of f and k.
3
Let h be -4 - 3/(-1) - -9. Let a = -4 + h. Suppose 5*u - a*z - 58 = 0, -4*z = z + 10. Calculate the highest common factor of 70 and u.
10
Let h(k) be the first derivative of k**2 + 8*k - 2. Let p be h(6). Suppose 160*l = 155*l - 3*z + 1082, -18 = 3*z. What is the greatest common factor of l and p?
20
Let w(k) = 2*k**3 + 14*k**2 + 2*k - 14. Let n be w(-6). Let q = -21 + n. What is the highest common divisor of q and 75?
25
Suppose 30 = 6*j - j. Let r(s) = -s**2 + 12*s - 7. Let n be r(j). Calculate the greatest common factor of n and 87.
29
Let p = -47 - -42. Let b be 4/p - (-4)/(-5)*-6. Suppose -144 = -0*m - 4*m. Calculate the greatest common divisor of m and b.
4
Let j(z) = -3*z + 173. Let q be j(0). Let d = 257 - q. Calculate the highest common factor of 14 and d.
14
Let j be (-256)/40*1/(4/(-10)). Let v(i) = 4*i - 22. Let m be v(j). What is the highest common factor of 462 and m?
42
Let w(t) = 8*t + 20. Let s(k) = 7*k + 19. Let l(m) = -7*s(m) + 6*w(m). Let g be 2/((-4)/34 - 0). Let p be l(g). What is the highest common factor of p and 12?
4
Let o = 26 + -13. Let i = 86 + 44. What is the greatest common divisor of i and o?
13
Let s(z) = z + 2. Let q be s(1). Suppose 5*b - x = 22, -5*b - q*x = x - 12. Let w be 26/b - (-3)/(-2). What is the greatest common divisor of 10 and w?
5
Suppose v + 11 = 15. Let h = 6 + v. What is the highest common factor of h and 2?
2
Let s = -992 - -1031. What is the highest common factor of s and 13?
13
Let o(u) = -u**2 + 12*u + 34. Let b be o(13). Calculate the highest common divisor of 9 and b.
3
Suppose 2*k + 4 = -3*w, 0 = -5*k + w + 3*w + 36. Suppose 0